Calculate the remainder when 175 is divided by 63.
49
Calculate the remainder when 100 is divided by 30.
10
Calculate the remainder when 1333 is divided by 601.
131
What is the remainder when 35 is divided by 18?
17
Calculate the remainder when 134 is divided by 7.
1
Calculate the remainder when 127 is divided by 32.
31
Calculate the remainder when 890 is divided by 217.
22
Calculate the remainder when 1093 is divided by 15.
13
Calculate the remainder when 155 is divided by 29.
10
What is the remainder when 66 is divided by 4?
2
What is the remainder when 994 is divided by 12?
10
Calculate the remainder when 12686 is divided by 141.
137
What is the remainder when 229 is divided by 51?
25
Calculate the remainder when 136 is divided by 18.
10
Calculate the remainder when 7432 is divided by 9.
7
What is the remainder when 227 is divided by 39?
32
What is the remainder when 84 is divided by 20?
4
What is the remainder when 503 is divided by 18?
17
Calculate the remainder when 586 is divided by 96.
10
Calculate the remainder when 136 is divided by 74.
62
What is the remainder when 1830 is divided by 260?
10
Calculate the remainder when 413 is divided by 140.
133
Calculate the remainder when 3085 is divided by 530.
435
What is the remainder when 273 is divided by 76?
45
What is the remainder when 2154 is divided by 103?
94
Calculate the remainder when 168 is divided by 165.
3
Calculate the remainder when 117 is divided by 59.
58
Calculate the remainder when 230 is divided by 12.
2
Calculate the remainder when 320 is divided by 17.
14
Calculate the remainder when 311 is divided by 122.
67
What is the remainder when 1140 is divided by 284?
4
Calculate the remainder when 652 is divided by 127.
17
What is the remainder when 33018 is divided by 13?
11
Calculate the remainder when 65 is divided by 63.
2
Calculate the remainder when 8149 is divided by 39.
37
What is the remainder when 11 is divided by 6?
5
What is the remainder when 643 is divided by 214?
1
Calculate the remainder when 814 is divided by 20.
14
Calculate the remainder when 16101 is divided by 12.
9
Calculate the remainder when 87 is divided by 49.
38
Calculate the remainder when 1221 is divided by 204.
201
Calculate the remainder when 104 is divided by 23.
12
What is the remainder when 397 is divided by 123?
28
What is the remainder when 1732 is divided by 14?
10
What is the remainder when 81 is divided by 62?
19
What is the remainder when 354 is divided by 19?
12
Calculate the remainder when 645 is divided by 58.
7
Calculate the remainder when 211 is divided by 51.
7
Calculate the remainder when 1506 is divided by 490.
36
What is the remainder when 1410 is divided by 157?
154
What is the remainder when 245 is divided by 66?
47
What is the remainder when 4101 is divided by 79?
72
Calculate the remainder when 14 is divided by 7.
0
What is the remainder when 43 is divided by 3?
1
What is the remainder when 11055 is divided by 38?
35
Calculate the remainder when 1801 is divided by 51.
16
Calculate the remainder when 447 is divided by 73.
9
What is the remainder when 2013 is divided by 72?
69
Calculate the remainder when 741 is divided by 75.
66
Calculate the remainder when 310 is divided by 70.
30
Calculate the remainder when 268 is divided by 24.
4
What is the remainder when 834 is divided by 22?
20
What is the remainder when 1364 is divided by 14?
6
What is the remainder when 2547 is divided by 58?
53
Calculate the remainder when 869 is divided by 6.
5
What is the remainder when 1925 is divided by 330?
275
Calculate the remainder when 929 is divided by 30.
29
What is the remainder when 7128 is divided by 3555?
18
What is the remainder when 6587 is divided by 244?
243
Calculate the remainder when 4 is divided by 3.
1
What is the remainder when 2008 is divided by 59?
2
Calculate the remainder when 808 is divided by 10.
8
Calculate the remainder when 1707 is divided by 18.
15
Calculate the remainder when 912 is divided by 297.
21
Calculate the remainder when 150 is divided by 38.
36
What is the remainder when 265 is divided by 135?
130
What is the remainder when 326 is divided by 30?
26
What is the remainder when 237 is divided by 82?
73
Calculate the remainder when 151 is divided by 46.
13
Calculate the remainder when 7044 is divided by 3522.
0
Calculate the remainder when 293 is divided by 22.
7
Calculate the remainder when 303 is divided by 12.
3
Calculate the remainder when 314 is divided by 118.
78
Calculate the remainder when 340 is divided by 185.
155
What is the remainder when 9118 is divided by 19?
17
Calculate the remainder when 1941 is divided by 81.
78
What is the remainder when 278 is divided by 75?
53
What is the remainder when 1274 is divided by 255?
254
Calculate the remainder when 101 is divided by 57.
44
Calculate the remainder when 138 is divided by 76.
62
What is the remainder when 2671 is divided by 13?
6
Calculate the remainder when 925 is divided by 460.
5
What is the remainder when 1150 is divided by 29?
19
What is the remainder when 159 is divided by 129?
30
What is the remainder when 7701 is divided by 32?
21
Calculate the remainder when 109 is divided by 26.
5
Calculate the remainder when 254 is divided by 55.
34
Calculate the remainder when 127 is divided by 27.
19
What is the remainder when 2165 is divided by 34?
23
Calculate the remainder when 27 is divided by 19.
8
Calculate the remainder when 351 is divided by 51.
45
Calculate the remainder when 162 is divided by 55.
52
What is the remainder when 609 is divided by 18?
15
Calculate the remainder when 11 is divided by 8.
3
What is the remainder when 1168 is divided by 90?
88
Calculate the remainder when 1133 is divided by 74.
23
What is the remainder when 6827 is divided by 69?
65
What is the remainder when 106 is divided by 6?
4
Calculate the remainder when 160 is divided by 7.
6
Calculate the remainder when 328 is divided by 83.
79
Calculate the remainder when 154 is divided by 59.
36
What is the remainder when 251 is divided by 36?
35
Calculate the remainder when 375 is divided by 54.
51
What is the remainder when 593 is divided by 14?
5
Calculate the remainder when 38 is divided by 12.
2
What is the remainder when 956 is divided by 89?
66
Calculate the remainder when 145 is divided by 7.
5
Calculate the remainder when 201 is divided by 35.
26
What is the remainder when 1201 is divided by 86?
83
Calculate the remainder when 93 is divided by 24.
21
What is the remainder when 1769 is divided by 30?
29
Calculate the remainder when 305 is divided by 102.
101
What is the remainder when 137 is divided by 79?
58
What is the remainder when 274 is divided by 4?
2
Calculate the remainder when 1009 is divided by 44.
41
Calculate the remainder when 1886 is divided by 373.
21
What is the remainder when 279 is divided by 60?
39
What is the remainder when 379 is divided by 42?
1
What is the remainder when 98 is divided by 77?
21
Calculate the remainder when 1943 is divided by 136.
39
What is the remainder when 469 is divided by 202?
65
What is the remainder when 90 is divided by 43?
4
Calculate the remainder when 436 is divided by 88.
84
What is the remainder when 808 is divided by 54?
52
Calculate the remainder when 28 is divided by 8.
4
Calculate the remainder when 8273 is divided by 14.
13
What is the remainder when 202 is divided by 23?
18
What is the remainder when 2046 is divided by 2037?
9
What is the remainder when 182 is divided by 46?
44
What is the remainder when 778 is divided by 60?
58
Calculate the remainder when 246 is divided by 17.
8
Calculate the remainder when 153 is divided by 11.
10
Calculate the remainder when 1216 is divided by 49.
40
What is the remainder when 1659 is divided by 32?
27
What is the remainder when 150 is divided by 9?
6
Calculate the remainder when 909 is divided by 35.
34
Calculate the remainder when 124 is divided by 32.
28
What is the remainder when 252 is divided by 111?
30
Calculate the remainder when 108 is divided by 58.
50
Calculate the remainder when 963 is divided by 9.
0
Calculate the remainder when 10878 is divided by 160.
158
What is the remainder when 246 is divided by 10?
6
Calculate the remainder when 2259 is divided by 189.
180
What is the remainder when 120 is divid